s of 292527447.
3, 97509149
What are the prime factors of 156028153?
3121, 49993
List the prime factors of 8621057571.
3, 7, 410526551
What are the prime factors of 3550491531?
3, 17, 23, 47, 21467
What are the prime factors of 881999697?
3, 47, 743, 8419
What are the prime factors of 52764038?
2, 1693, 15583
What are the prime factors of 54453252?
2, 3, 7, 157, 4129
What are the prime factors of 35479981?
97, 365773
What are the prime factors of 42498841?
7, 11, 551933
What are the prime factors of 205745967?
3, 7, 1088603
List the prime factors of 3913140879.
3, 1109, 392059
What are the prime factors of 1344533314?
2, 1381, 486797
List the prime factors of 129355208.
2, 16169401
List the prime factors of 3110887065.
3, 5, 11, 13, 1450297
List the prime factors of 5321552798.
2, 2660776399
List the prime factors of 39877304.
2, 79, 63097
What are the prime factors of 1466698091?
61, 24044231
What are the prime factors of 1378439319?
3, 459479773
What are the prime factors of 1572739652?
2, 11, 641, 55763
What are the prime factors of 308015660?
2, 5, 101, 139, 1097
List the prime factors of 359739661.
3229, 111409
List the prime factors of 109580186.
2, 1163, 47111
What are the prime factors of 4062318790?
2, 5, 43, 61, 154873
List the prime factors of 9507481.
113, 84137
List the prime factors of 883143246.
2, 3, 147190541
List the prime factors of 126339907.
126339907
List the prime factors of 363232622.
2, 373, 486907
What are the prime factors of 240681371?
7, 557, 61729
List the prime factors of 213250740.
2, 3, 5, 3554179
What are the prime factors of 18976528?
2, 1186033
List the prime factors of 1247405216.
2, 38981413
List the prime factors of 223439928.
2, 3, 643, 14479
List the prime factors of 1382676585.
3, 5, 92178439
What are the prime factors of 1710776564?
2, 7, 61099163
List the prime factors of 35742303.
3, 441263
List the prime factors of 79568289.
3, 31, 285191
List the prime factors of 2149198290.
2, 3, 5, 2909, 8209
What are the prime factors of 77210978?
2, 13, 467, 6359
List the prime factors of 1680646072.
2, 7, 30011537
What are the prime factors of 408990423?
3, 239, 570419
List the prime factors of 1479247399.
7, 29, 73, 173, 577
List the prime factors of 172187942.
2, 547, 157393
What are the prime factors of 1605865529?
149, 1249, 8629
What are the prime factors of 1443807921?
3, 523, 920209
List the prime factors of 29081477.
29081477
What are the prime factors of 2305440536?
2, 7, 83, 496007
List the prime factors of 7518371029.
13, 37, 109, 143401
What are the prime factors of 2670550147?
37, 2309, 31259
List the prime factors of 104358962.
2, 191, 257, 1063
List the prime factors of 54810913.
1447, 37879
List the prime factors of 16107582.
2, 3, 673, 3989
What are the prime factors of 250844507?
250844507
List the prime factors of 365078228.
2, 91269557
What are the prime factors of 322794228?
2, 3, 26899519
List the prime factors of 3226341547.
11, 13, 22561829
List the prime factors of 613656684.
2, 3, 17, 53, 18919
What are the prime factors of 2223173032?
2, 3677, 75577
What are the prime factors of 1623308354?
2, 811654177
List the prime factors of 31782528.
2, 3, 47, 587
What are the prime factors of 1763942380?
2, 5, 88197119
What are the prime factors of 56497448?
2, 7, 367, 2749
List the prime factors of 65415759.
3, 2179, 10007
List the prime factors of 808218026.
2, 7, 11, 5248169
What are the prime factors of 253850163?
3, 7, 2633, 4591
What are the prime factors of 3363300956?
2, 71, 11842609
What are the prime factors of 527296?
2, 7, 11, 107
List the prime factors of 73179654.
2, 3, 31, 107, 3677
What are the prime factors of 2606874126?
2, 3, 83, 5234687
List the prime factors of 53914772.
2, 37, 364289
What are the prime factors of 495213498?
2, 3, 13, 41, 71, 727
List the prime factors of 72571531.
72571531
List the prime factors of 156506569.
31, 47, 163, 659
List the prime factors of 325426819.
4903, 66373
What are the prime factors of 3613324160?
2, 5, 17, 113, 2939
What are the prime factors of 161503011?
3, 109, 54877
What are the prime factors of 171710385?
3, 5, 7, 11, 148667
What are the prime factors of 2803479728?
2, 7, 3575867
What are the prime factors of 39075236?
2, 47, 207847
What are the prime factors of 258304959?
3, 11, 163, 16007
List the prime factors of 108471729.
3, 36157243
What are the prime factors of 6750337212?
2, 3, 47, 71, 83, 677
List the prime factors of 573461639.
573461639
List the prime factors of 2309161589.
7, 331, 996617
What are the prime factors of 14876043?
3, 7, 13, 29, 1879
What are the prime factors of 547114315?
5, 11, 17, 585149
List the prime factors of 64000561.
64000561
What are the prime factors of 26895329?
4603, 5843
List the prime factors of 917601422.
2, 23, 491, 40627
What are the prime factors of 36404587?
53, 686879
What are the prime factors of 896483968?
2, 7003781
What are the prime factors of 25537858?
2, 569, 22441
List the prime factors of 7868019427.
131, 60061217
What are the prime factors of 48988124?
2, 61, 200771
What are the prime factors of 6796110?
2, 3, 5, 19, 11923
What are the prime factors of 96036565?
5, 769, 24977
List the prime factors of 1836736474.
2, 17, 61, 167, 5303
List the prime factors of 1872172607.
23, 81398809
What are the prime factors of 176294928?
2, 3, 3672811
What are the prime factors of 1160205980?
2, 5, 2221, 26119
What are the prime factors of 20976836?
2, 19, 276011
What are the prime factors of 5715478686?
2, 3, 952579781
What are the prime factors of 211292662?
2, 7, 53, 163, 1747
List the prime factors of 585190070.
2, 5, 58519007
List the prime factors of 883349767.
17, 19, 823, 3323
List the prime factors of 1284673.
13, 17, 5813
What are the prime factors of 320406133?
320406133
List the prime factors of 32322934.
2, 7, 47, 49123
List the prime factors of 2219597461.
19, 463, 252313
What are the prime factors of 137599572?
2, 3, 11, 101, 10321
List the prime factors of 1285108807.
317, 4053971
What are the prime factors of 524486999?
524486999
List the prime factors of 145612331.
4621, 31511
What are the prime factors of 2434669?
2434669
What are the prime factors of 69836587?
69836587
What are the prime factors of 121997449?
7, 3257, 5351
List the prime factors of 36848740.
2, 5, 443, 4159
List the prime factors of 55631732.
2, 13, 31, 34511
List the prime factors of 1842559162.
2, 19, 2552021
What are the prime factors of 257574803?
17, 419, 36161
What are the prime factors of 115483081?
7, 16497583
What are the prime factors of 46088282?
2, 239, 96419
What are the prime factors of 336948736?
2, 19, 1823
List the prime factors of 3262666098.
2, 3, 977, 556579
List the prime factors of 257248644.
2, 3, 53, 67, 6037
List the prime factors of 1331064759.
3, 17, 79, 101, 3271
What are the prime factors of 932425205?
5, 139, 1341619
List the prime factors of 476445102.
2, 3, 7, 19, 597049
What are the prime factors of 1443136629?
3, 11, 53, 75011
What are the prime factors of 527104768?
2, 467, 4409
List the prime factors of 208464090.
2, 3, 5, 41, 169483
What are the prime factors of 188539534?
2, 149, 632683
What are the prime factors of 104245095?
3, 5, 31, 37, 73, 83
What are the prime factors of 1308934799?
41, 53, 463, 1301
What are the prime factors of 201976974?
2, 3, 1201, 9343
What are the prime factors of 530341537?
11, 17, 211, 13441
What are the prime factors of 951438?
2, 3, 158573
What are the prime factors of 71540491?
11, 19, 342299
List the prime factors of 27865309.
787, 35407
What are the prime factors of 97799898?
2, 3, 7, 2328569
List the prime factors of 44633431.
3583, 12457
List the prime factors of 44595179.
167, 267037
List the prime factors of 658314889.
658314889
List the prime factors of 6668877826.
2, 13, 43, 61, 97787
List the prime factors of 2056696071.
3, 743, 922699
What are the prime factors of 74055415?
5, 7, 29, 1489
List the prime factors of 321547781.
2749, 116969
What are the prime factors of 182427553?
7, 11, 251, 9439
List the prime factors of 221478090.
2, 3, 5, 1229, 6007
What are the prime factors of 4545273023?
34147, 133109
What are the prime factors of 1627440283?
7, 47, 706661
List the prime factors of 45474696.
2, 3, 70177
What are th